Let o = 363 - i. Is o a composite number?
True
Let w be ((-2)/5)/(40/(-11750900)). Suppose w = -6*u + 13*u. Is u composite?
False
Let y = 1000566 - 182159. Is y a composite number?
True
Let m = 9535 + -4353. Let t = m + -767. Is t prime?
False
Let i(z) = -92*z + 26. Let p(d) = 2*d**2 - 15*d + 14. Let a be p(7). Let g be i(a). Let t = g + 1165. Is t prime?
True
Let q = 875501 + -491932. Is q a composite number?
True
Let p(h) = 10*h**2 + 55*h - 137. Let s = 106 + -74. Is p(s) prime?
True
Let u(i) = 2751*i**2 - 89*i - 175. Is u(-12) a composite number?
False
Let k(q) = 11*q**2 + 0*q**3 + 9 + 0*q**3 + 16*q + q**3 - 3*q**2. Let n be k(-6). Is (-1182)/n + (-3)/(-15) a prime number?
True
Suppose 0 = -0*r - 5*r - 10, r = 5*s - 32. Suppose 16758 = 5*z + 5*m - s*m, 5*z - 16746 = -3*m. Is z a prime number?
False
Let p(b) = 298*b**2 - b. Suppose 0 = -2*v, -3*v = 4*u + u - 10. Let g be p(u). Let h = 3489 + g. Is h composite?
False
Suppose -w = 4*m - 5*w - 20, m = -5*w - 19. Let y(v) = -2*v**3 + v**2 + v - 1. Let z be y(1). Is (m*3)/((-6)/2238)*z composite?
True
Suppose -5*b = -3*b + 2*b. Is 4 + (b - 4) - 129/(-1) composite?
True
Let s be (341/(-4))/(((-7)/(-112))/(-1)). Suppose 5*h - 3*m - 1804 - 1615 = 0, s = 2*h - 3*m. Is h composite?
True
Let g be -4*((-36)/6)/(-6). Let u(k) = 40*k**2 + 2*k - 1. Is u(g) a composite number?
False
Suppose -5*h = 5*p - 327710, 23*p - 20*p = h + 196638. Is p prime?
False
Let a be 4/6*(6 + 0). Suppose i + a = 4*n + 2*i, i + 6 = n. Suppose -4*d - 1511 = -4*h - 11, 4*h - n*d - 1508 = 0. Is h composite?
False
Let r = -113 + -731. Let j = r - 351. Let f = 2033 + j. Is f prime?
False
Let o(s) = s**3 - 13*s**2 + 15*s - 31. Let v(m) = -17*m**3 - m**2 + 2*m + 2. Let h be v(-1). Is o(h) a composite number?
False
Let x(w) = 4829*w + 2. Let d(s) = -1. Let p(b) = -5*d(b) + x(b). Let i be p(-1). Let k = -2769 - i. Is k composite?
False
Let u(x) = x**3 + 27*x**2 + 36*x + 23. Let v be u(-26). Let n = 317 - v. Suppose t = 3 + n. Is t a prime number?
True
Is 51*(-9)/(-36)*(-233884)/(-21) a prime number?
False
Suppose -q = 2*g - 5, -13*q = -8*q - 5*g - 10. Suppose -u - 2*i = -13155, -2*u + 5*i - 13167 = -q*u. Is u prime?
True
Suppose 3*x + 6 = 9. Let j be (0/x)/(17 - 18). Suppose 4*c - c - 2667 = j. Is c composite?
True
Let x = -901 + 903. Let b = 15 - 11. Suppose -14861 = -x*s + 5*k, 2*k = -b*s - s + 37167. Is s composite?
False
Let f = 642548 - 355377. Is f a prime number?
False
Is 190691 + (-1)/(-1) - 58/(1682/145) a prime number?
False
Let x = -99 - -93. Let v(p) = 257*p**2 - 75*p - 13. Is v(x) composite?
False
Suppose -50*f - 86413 = 647087. Is ((-106)/(-12))/((-15)/f) a prime number?
False
Let h(b) = b**2 - 3*b - 6. Let r be h(-2). Is (-1143)/((-12)/r)*6/9 a composite number?
True
Let g be ((-37)/(-2))/(1/2). Let d(l) = -42*l + 548. Let r be d(17). Let k = g - r. Is k a prime number?
False
Let q(h) = -h**2 - 2*h + 7. Let c(l) = -4*l**2 - 6*l + 21. Let x(m) = -6*c(m) + 17*q(m). Is x(-4) composite?
False
Is 1616/(-480)*-3711 - (-6)/20 a composite number?
True
Let q(x) = -x**3 + 2*x**2. Let c(i) = 296*i**3 + 10*i**2 + 5*i - 5. Let n(z) = c(z) - 5*q(z). Is n(2) a composite number?
True
Let i(o) = o**3 + 12*o**2 - 13*o. Let h be i(-13). Suppose 11562 = 2*x + 4*m, h = 4*x + 5*m - 38320 + 15199. Is x composite?
False
Suppose o - 3*n + 0 = 1, -3*o + 3*n = -9. Let x(j) be the first derivative of j**4/2 - 8*j**3/3 + 9*j**2/2 + 3*j - 218. Is x(o) a prime number?
False
Suppose 9*k - i = 6*k + 101252, i - 1 = 0. Is k a composite number?
False
Suppose 4*k = b + 24, -3 = 2*k - k. Let t = -24 - b. Suppose 3*f - 1448 = -5*c - t, 3*f = -9. Is c a prime number?
False
Suppose -3 = 2*l + 1, -2*u = -3*l + 7554. Is 1*-2 - -2 - (u - 17) a composite number?
False
Suppose -5*z + 65 - 14 = 4*m, 3*z = -5*m + 41. Suppose z*t - 2*t - 2*d = 8645, -4*d - 1711 = -t. Suppose -4*h = -t - 9313. Is h a prime number?
False
Let l = 30 + 42. Let j = 66 - l. Let x(p) = -5*p**3 + 3*p**2 - 3*p - 7. Is x(j) a prime number?
False
Let d(m) = -8*m + 0*m + 0*m + 10 + 6*m. Let l be d(4). Suppose 5*g - 1014 - 66 = -5*w, l*g = 3*w - 623. Is w a prime number?
True
Is (-121)/(-11) - (-8 - 28960) a composite number?
False
Let k(p) = 12906*p + 2227. Is k(22) a composite number?
True
Let a be -22*(6/(-4) + 2). Let u(v) be the second derivative of v**4/3 + 10*v**3/3 - 27*v**2/2 + 157*v - 4. Is u(a) a composite number?
True
Let x(d) = d**3 - 9*d**2 - 10*d + 3. Let b be x(10). Suppose -3*p + b = 0, -t - p - 12782 = -31164. Suppose -g - t = -12*g. Is g prime?
False
Suppose -9332 = -n + 2*r + 2*r, 2*n - 18686 = -3*r. Suppose 0 = -12*s + 128264 + n. Is s a prime number?
True
Let q(w) = 2*w - 29. Let z = -35 - -52. Let j be q(z). Is j/4*(837 - -7) composite?
True
Let k(h) = 52230*h**3 - 3*h**2 + 2*h. Is k(1) prime?
False
Suppose 5*n = -0*n + 10. Let w(i) = i**3 - 4*i**2 + 7*i - 2. Let y be w(n). Suppose 26 + 57 = b + 4*a, -318 = -y*b - 2*a. Is b a composite number?
False
Let f(d) = 3*d**2 - d**2 - 14*d - 22*d + 19. Suppose 45*o - 50*o - 61 + 181 = 0. Is f(o) prime?
True
Let t(y) = 21 - 10*y**2 + 3*y - 8*y**2 - 26 - 2*y. Let r be t(6). Let s = -382 - r. Is s composite?
True
Let w be -2*7*(-3)/(-42). Let p(o) = 4210*o**2 - 2*o - 1. Is p(w) a prime number?
True
Suppose l - 2*y - 1815 = -y, -5*l = 3*y - 9059. Suppose 357 - l = 5*w - z, 5*w + 5*z + 1450 = 0. Let x = 760 + w. Is x prime?
False
Suppose -19374 = 13*l - 63613. Is l a prime number?
False
Let f(m) = m**2 - m + 1. Let x be (-3)/(-18) + 66/36. Let j be f(x). Is -12*(500/(-16) - j) a composite number?
True
Suppose 9*v - 436 = -274. Let a(c) = -c**3 - 8*c**2 - 8*c + 1. Let z be a(-7). Suppose -z*b = b - v. Is b a composite number?
False
Let t = 367 + -335. Is (-4 - (-48488)/t) + 2/(-8) prime?
True
Let l = -58 + 63. Suppose -12650 = 5*v - l*k, -3*v - 430 = -4*k + 7164. Let r = -1345 - v. Is r a composite number?
False
Suppose -3*c - 9 = -21. Suppose -c*w + 4156 = -0*w. Suppose i - 5*t - 517 = -t, -2*i + w = -3*t. Is i a prime number?
True
Suppose -4*x = -14 - 10. Let l be x/9 - ((-52)/12 + 2). Suppose l*g = 2599 + 1250. Is g a prime number?
True
Let i(p) = -125*p**3 + 3*p**2 + 5*p + 1. Let b be (-2)/(-11) + (-2210)/55. Let o = b - -38. Is i(o) a prime number?
False
Let x = 298 - 298. Suppose x = 6*c - 10055 - 883. Is c prime?
True
Let t(k) = 4*k + 3*k**2 + 4*k**2 + 48*k**3 - k**2 + 7 - 7*k**2. Is t(4) a composite number?
False
Let n(k) = -k**3 + 12*k**2 - 26*k + 7. Let r be n(9). Let w be 1/1*75/5. Let l = r + w. Is l composite?
False
Suppose y + 4*z = -12, 2*y - 4*y + 20 = -3*z. Suppose 4*b = h - 1513345, 2*h + 1254998 + 258344 = -y*b. Is ((-2)/3)/(64/b) a prime number?
False
Suppose 3*n + 2*p = 1266, 2*n + 0*n - 5*p - 825 = 0. Is (-45470)/(-25)*n/24 composite?
True
Let v(j) = 772*j**3 - 4*j**2 + 3*j - 17. Is v(4) a prime number?
True
Let h = 58722 - 91803. Let a = h - -85280. Is a a prime number?
False
Suppose 0 = -4*d - 11 + 23. Suppose 5*j = -5*i + 441 + 604, d*j = i + 635. Is j prime?
True
Let k(i) = -4*i + i**2 - 117 + 105 + 10*i. Let n be (-1 + -8)/(-2 - -1). Is k(n) prime?
False
Let u(l) = -22*l + 325. Let o be u(14). Suppose -o*t + 5*a + 20163 = -16*t, 5*t + 2*a = 100761. Is t prime?
False
Is 198/(-528) + (0 - 233782/(-16)) a composite number?
True
Let v(q) = -73*q + 9. Let d(p) = -p + 1. Let j(b) = -6*d(b) - v(b). Let g be j(-3). Is (-1)/(-2)*(-23)/(138/g) composite?
True
Suppose -2*s = -3*b + 210291, -3*b + 214391 - 4100 = s. Is b composite?
True
Let n(g) = -468*g**3 + 3*g**2 - 13*g - 193. Is n(-6) a prime number?
True
Let t(k) = 7308*k**2 + k + 2. Let w = 527 - 528. Is t(w) a composite number?
False
Is ((-1224259520)/(-528))/((-12)/(-9)) prime?
False
Let h(o) be the second derivative of -15*o**3/2 - 8*o**2 - 10*o. Let s be h(-5). Suppose -x = 3*l + x - 601, -s = -l - 5*x. Is l a composite number?
False
Let w(p) = 206*p**3 - 3*p**2 - 4*p - 5. Let j be w(-2). Let x = -1049 - j. Let l = x - -231. Is l a composite number?
False
Suppose 0 = 4*y - 3 - 1. Let a be (32/(-2*y))/((-2)/104). Suppose 6*f - 2036 = a. Is f a composite number?
True
Let s be 16/3 + (-4)/12. Suppose -203 = 3*p + s*g, -148 - 134 = 4*p + g. Let z = 47 - p. Is z prime?
False
Suppose -5477 = -5*g - 3*j, -24*j = -5*g - 20*j + 5484. Let f be (258/(-4))/((-3)/102). Let h